{"id":2849,"date":"2022-06-09T15:48:41","date_gmt":"2022-06-09T18:48:41","guid":{"rendered":"https:\/\/ceraflame.com.br\/projetos-especiais\/?page_id=2849"},"modified":"2022-06-09T16:46:13","modified_gmt":"2022-06-09T19:46:13","slug":"contato","status":"publish","type":"page","link":"https:\/\/ceraflame.com.br\/projetos-especiais\/contato\/","title":{"rendered":"Contato"},"content":{"rendered":"\t\t<div data-elementor-type=\"wp-page\" data-elementor-id=\"2849\" class=\"elementor elementor-2849\">\n\t\t\t\t\t\t<section class=\"elementor-section elementor-top-section elementor-element elementor-element-4c5b344 elementor-section-boxed elementor-section-height-default elementor-section-height-default\" data-id=\"4c5b344\" data-element_type=\"section\" data-e-type=\"section\">\n\t\t\t\t\t\t<div class=\"elementor-container elementor-column-gap-default\">\n\t\t\t\t\t<div class=\"elementor-column elementor-col-100 elementor-top-column elementor-element elementor-element-f7a56c7 ot-flex-column-vertical\" data-id=\"f7a56c7\" data-element_type=\"column\" data-e-type=\"column\">\n\t\t\t<div class=\"elementor-widget-wrap elementor-element-populated\">\n\t\t\t\t\t\t<div class=\"elementor-element elementor-element-4d8aa85 elementor-widget elementor-widget-html\" data-id=\"4d8aa85\" data-element_type=\"widget\" data-e-type=\"widget\" data-widget_type=\"html.default\">\n\t\t\t\t<div class=\"elementor-widget-container\">\n\t\t\t\t\t<style>\n    .page-header {\n    display: none;\n}\n<\/style>\t\t\t\t<\/div>\n\t\t\t\t<\/div>\n\t\t\t\t<div class=\"elementor-element elementor-element-da6be82 elementor-widget elementor-widget-heading\" data-id=\"da6be82\" data-element_type=\"widget\" data-e-type=\"widget\" data-widget_type=\"heading.default\">\n\t\t\t\t<div class=\"elementor-widget-container\">\n\t\t\t\t\t<h2 class=\"elementor-heading-title elementor-size-default\">Contato<\/h2>\t\t\t\t<\/div>\n\t\t\t\t<\/div>\n\t\t\t\t<div class=\"elementor-element elementor-element-f14bb4f elementor-widget elementor-widget-text-editor\" data-id=\"f14bb4f\" data-element_type=\"widget\" data-e-type=\"widget\" data-widget_type=\"text-editor.default\">\n\t\t\t\t<div class=\"elementor-widget-container\">\n\t\t\t\t\t\t\t\t\t<p><strong>Endere\u00e7o:<\/strong> Rua Adolfo Konder, 70 &#8211; Rio Negrinho\/SC Brasil \u2014 CEP 89295-000.<br \/><strong>E-mail:<\/strong> promocional@ceraflame.com.br<br \/><strong>Fone:<\/strong> (47) 3203-5000<br \/><strong>WhatsApp:<\/strong> (47) 9 8861-5471<br \/><strong>Fax:<\/strong> (47) 3203-5058<\/p>\t\t\t\t\t\t\t\t<\/div>\n\t\t\t\t<\/div>\n\t\t\t\t<div class=\"elementor-element elementor-element-73c4e19 elementor-widget elementor-widget-ictf7\" data-id=\"73c4e19\" data-element_type=\"widget\" data-e-type=\"widget\" data-widget_type=\"ictf7.default\">\n\t\t\t\t<div class=\"elementor-widget-container\">\n\t\t\t\t\t<div class=\"elementor-shortcode maxbizz-cf7-0\">\n<div class=\"wpcf7 no-js\" id=\"wpcf7-f2856-o1\" lang=\"pt-BR\" dir=\"ltr\" data-wpcf7-id=\"2856\">\n<div class=\"screen-reader-response\"><p role=\"status\" aria-live=\"polite\" aria-atomic=\"true\"><\/p> <ul><\/ul><\/div>\n<form action=\"\/projetos-especiais\/wp-json\/wp\/v2\/pages\/2849#wpcf7-f2856-o1\" method=\"post\" class=\"wpcf7-form init\" aria-label=\"Formul\u00e1rios de contato\" novalidate=\"novalidate\" data-status=\"init\">\n<fieldset class=\"hidden-fields-container\"><input type=\"hidden\" name=\"_wpcf7\" value=\"2856\" \/><input type=\"hidden\" name=\"_wpcf7_version\" value=\"6.1.5\" \/><input type=\"hidden\" name=\"_wpcf7_locale\" value=\"pt_BR\" \/><input type=\"hidden\" name=\"_wpcf7_unit_tag\" value=\"wpcf7-f2856-o1\" \/><input type=\"hidden\" name=\"_wpcf7_container_post\" value=\"0\" \/><input type=\"hidden\" name=\"_wpcf7_posted_data_hash\" value=\"\" \/>\n<\/fieldset>\n<p><label> Seu nome<br \/>\n<span class=\"wpcf7-form-control-wrap\" data-name=\"your-name\"><input size=\"40\" maxlength=\"400\" class=\"wpcf7-form-control wpcf7-text wpcf7-validates-as-required\" aria-required=\"true\" aria-invalid=\"false\" value=\"\" type=\"text\" name=\"your-name\" \/><\/span> <\/label>\n<\/p>\n<p><label> Seu e-mail<br \/>\n<span class=\"wpcf7-form-control-wrap\" data-name=\"your-email\"><input size=\"40\" maxlength=\"400\" class=\"wpcf7-form-control wpcf7-email wpcf7-validates-as-required wpcf7-text wpcf7-validates-as-email\" aria-required=\"true\" aria-invalid=\"false\" value=\"\" type=\"email\" name=\"your-email\" \/><\/span> <\/label>\n<\/p>\n<p><label> Telefone *<br \/>\n<span class=\"wpcf7-form-control-wrap\" data-name=\"telefone\"><input size=\"40\" maxlength=\"400\" class=\"wpcf7-form-control wpcf7-tel wpcf7-validates-as-required wpcf7-text wpcf7-validates-as-tel\" aria-required=\"true\" aria-invalid=\"false\" value=\"\" type=\"tel\" name=\"telefone\" \/><\/span> <\/label>\n<\/p>\n<p><label> Assunto<br \/>\n<span class=\"wpcf7-form-control-wrap\" data-name=\"your-subject\"><input size=\"40\" maxlength=\"400\" class=\"wpcf7-form-control wpcf7-text wpcf7-validates-as-required\" aria-required=\"true\" aria-invalid=\"false\" value=\"\" type=\"text\" name=\"your-subject\" \/><\/span> <\/label>\n<\/p>\n<p><label> Sua mensagem (opcional)<br \/>\n<span class=\"wpcf7-form-control-wrap\" data-name=\"your-message\"><textarea cols=\"40\" rows=\"10\" maxlength=\"2000\" class=\"wpcf7-form-control wpcf7-textarea\" aria-invalid=\"false\" name=\"your-message\"><\/textarea><\/span> <\/label>\n<\/p>\n<p><input class=\"wpcf7-form-control wpcf7-submit has-spinner\" type=\"submit\" value=\"Enviar\" \/>\n<\/p><div class=\"wpcf7-response-output\" aria-hidden=\"true\"><\/div>\n<\/form>\n<\/div>\n<\/div>\t\t\t\t<\/div>\n\t\t\t\t<\/div>\n\t\t\t\t\t<\/div>\n\t\t<\/div>\n\t\t\t\t\t<\/div>\n\t\t<\/section>\n\t\t\t\t<\/div>\n\t\t","protected":false},"excerpt":{"rendered":"<p>Contato Endere\u00e7o: Rua Adolfo Konder, 70 &#8211; Rio Negrinho\/SC Brasil \u2014 CEP 89295-000.E-mail: promocional@ceraflame.com.brFone: (47) 3203-5000WhatsApp: (47) 9 8861-5471Fax: (47) 3203-5058 Seu nome Seu e-mail Telefone * Assunto Sua mensagem (opcional)<\/p>\n","protected":false},"author":2,"featured_media":0,"parent":0,"menu_order":0,"comment_status":"closed","ping_status":"closed","template":"","meta":{"footnotes":""},"class_list":["post-2849","page","type-page","status-publish","hentry"],"yoast_head":"<!-- This site is optimized with the Yoast SEO plugin v27.4 - https:\/\/yoast.com\/product\/yoast-seo-wordpress\/ -->\n<title>Contato - Ceraflame Cookware<\/title>\n<meta name=\"robots\" content=\"index, follow, max-snippet:-1, max-image-preview:large, max-video-preview:-1\" \/>\n<link rel=\"canonical\" href=\"https:\/\/ceraflame.com.br\/projetos-especiais\/contato\/\" \/>\n<meta property=\"og:locale\" content=\"pt_BR\" \/>\n<meta property=\"og:type\" content=\"article\" \/>\n<meta property=\"og:title\" content=\"Contato - Ceraflame Cookware\" \/>\n<meta property=\"og:description\" content=\"Contato Endere\u00e7o: Rua Adolfo Konder, 70 &#8211; Rio Negrinho\/SC Brasil \u2014 CEP 89295-000.E-mail: promocional@ceraflame.com.brFone: (47) 3203-5000WhatsApp: (47) 9 8861-5471Fax: (47) 3203-5058 Seu nome Seu e-mail Telefone * Assunto Sua mensagem (opcional)\" \/>\n<meta property=\"og:url\" content=\"https:\/\/ceraflame.com.br\/projetos-especiais\/contato\/\" \/>\n<meta property=\"og:site_name\" content=\"Ceraflame Cookware\" \/>\n<meta property=\"article:modified_time\" content=\"2022-06-09T19:46:13+00:00\" \/>\n<meta name=\"twitter:card\" content=\"summary_large_image\" \/>\n<meta name=\"twitter:label1\" content=\"Est. tempo de leitura\" \/>\n\t<meta name=\"twitter:data1\" content=\"1 minuto\" \/>\n<script type=\"application\/ld+json\" class=\"yoast-schema-graph\">{\"@context\":\"https:\\\/\\\/schema.org\",\"@graph\":[{\"@type\":\"WebPage\",\"@id\":\"https:\\\/\\\/ceraflame.com.br\\\/projetos-especiais\\\/contato\\\/\",\"url\":\"https:\\\/\\\/ceraflame.com.br\\\/projetos-especiais\\\/contato\\\/\",\"name\":\"Contato - Ceraflame Cookware\",\"isPartOf\":{\"@id\":\"https:\\\/\\\/ceraflame.com.br\\\/projetos-especiais\\\/#website\"},\"datePublished\":\"2022-06-09T18:48:41+00:00\",\"dateModified\":\"2022-06-09T19:46:13+00:00\",\"breadcrumb\":{\"@id\":\"https:\\\/\\\/ceraflame.com.br\\\/projetos-especiais\\\/contato\\\/#breadcrumb\"},\"inLanguage\":\"pt-BR\",\"potentialAction\":[{\"@type\":\"ReadAction\",\"target\":[\"https:\\\/\\\/ceraflame.com.br\\\/projetos-especiais\\\/contato\\\/\"]}]},{\"@type\":\"BreadcrumbList\",\"@id\":\"https:\\\/\\\/ceraflame.com.br\\\/projetos-especiais\\\/contato\\\/#breadcrumb\",\"itemListElement\":[{\"@type\":\"ListItem\",\"position\":1,\"name\":\"In\u00edcio\",\"item\":\"https:\\\/\\\/ceraflame.com.br\\\/projetos-especiais\\\/\"},{\"@type\":\"ListItem\",\"position\":2,\"name\":\"Contato\"}]},{\"@type\":\"WebSite\",\"@id\":\"https:\\\/\\\/ceraflame.com.br\\\/projetos-especiais\\\/#website\",\"url\":\"https:\\\/\\\/ceraflame.com.br\\\/projetos-especiais\\\/\",\"name\":\"Ceraflame Cookware\",\"description\":\"Alcan\u00e7amos a mesa e o lar de milh\u00f5es de brasileiros que confiam em nossos produtos. Nossa atua\u00e7\u00e3o alcan\u00e7a atualmente todas as regi\u00f5es brasileiras e diversos pa\u00edses. + de 60 anos de Hist\u00f3ria. Qualidade e Durabilidade. Mais Versatilidade. Melhor Desempenho.\",\"potentialAction\":[{\"@type\":\"SearchAction\",\"target\":{\"@type\":\"EntryPoint\",\"urlTemplate\":\"https:\\\/\\\/ceraflame.com.br\\\/projetos-especiais\\\/?s={search_term_string}\"},\"query-input\":{\"@type\":\"PropertyValueSpecification\",\"valueRequired\":true,\"valueName\":\"search_term_string\"}}],\"inLanguage\":\"pt-BR\"}]}<\/script>\n<!-- \/ Yoast SEO plugin. -->","yoast_head_json":{"title":"Contato - Ceraflame Cookware","robots":{"index":"index","follow":"follow","max-snippet":"max-snippet:-1","max-image-preview":"max-image-preview:large","max-video-preview":"max-video-preview:-1"},"canonical":"https:\/\/ceraflame.com.br\/projetos-especiais\/contato\/","og_locale":"pt_BR","og_type":"article","og_title":"Contato - Ceraflame Cookware","og_description":"Contato Endere\u00e7o: Rua Adolfo Konder, 70 &#8211; Rio Negrinho\/SC Brasil \u2014 CEP 89295-000.E-mail: promocional@ceraflame.com.brFone: (47) 3203-5000WhatsApp: (47) 9 8861-5471Fax: (47) 3203-5058 Seu nome Seu e-mail Telefone * Assunto Sua mensagem (opcional)","og_url":"https:\/\/ceraflame.com.br\/projetos-especiais\/contato\/","og_site_name":"Ceraflame Cookware","article_modified_time":"2022-06-09T19:46:13+00:00","twitter_card":"summary_large_image","twitter_misc":{"Est. tempo de leitura":"1 minuto"},"schema":{"@context":"https:\/\/schema.org","@graph":[{"@type":"WebPage","@id":"https:\/\/ceraflame.com.br\/projetos-especiais\/contato\/","url":"https:\/\/ceraflame.com.br\/projetos-especiais\/contato\/","name":"Contato - Ceraflame Cookware","isPartOf":{"@id":"https:\/\/ceraflame.com.br\/projetos-especiais\/#website"},"datePublished":"2022-06-09T18:48:41+00:00","dateModified":"2022-06-09T19:46:13+00:00","breadcrumb":{"@id":"https:\/\/ceraflame.com.br\/projetos-especiais\/contato\/#breadcrumb"},"inLanguage":"pt-BR","potentialAction":[{"@type":"ReadAction","target":["https:\/\/ceraflame.com.br\/projetos-especiais\/contato\/"]}]},{"@type":"BreadcrumbList","@id":"https:\/\/ceraflame.com.br\/projetos-especiais\/contato\/#breadcrumb","itemListElement":[{"@type":"ListItem","position":1,"name":"In\u00edcio","item":"https:\/\/ceraflame.com.br\/projetos-especiais\/"},{"@type":"ListItem","position":2,"name":"Contato"}]},{"@type":"WebSite","@id":"https:\/\/ceraflame.com.br\/projetos-especiais\/#website","url":"https:\/\/ceraflame.com.br\/projetos-especiais\/","name":"Ceraflame Cookware","description":"Alcan\u00e7amos a mesa e o lar de milh\u00f5es de brasileiros que confiam em nossos produtos. Nossa atua\u00e7\u00e3o alcan\u00e7a atualmente todas as regi\u00f5es brasileiras e diversos pa\u00edses. + de 60 anos de Hist\u00f3ria. Qualidade e Durabilidade. Mais Versatilidade. Melhor Desempenho.","potentialAction":[{"@type":"SearchAction","target":{"@type":"EntryPoint","urlTemplate":"https:\/\/ceraflame.com.br\/projetos-especiais\/?s={search_term_string}"},"query-input":{"@type":"PropertyValueSpecification","valueRequired":true,"valueName":"search_term_string"}}],"inLanguage":"pt-BR"}]}},"_links":{"self":[{"href":"https:\/\/ceraflame.com.br\/projetos-especiais\/wp-json\/wp\/v2\/pages\/2849","targetHints":{"allow":["GET"]}}],"collection":[{"href":"https:\/\/ceraflame.com.br\/projetos-especiais\/wp-json\/wp\/v2\/pages"}],"about":[{"href":"https:\/\/ceraflame.com.br\/projetos-especiais\/wp-json\/wp\/v2\/types\/page"}],"author":[{"embeddable":true,"href":"https:\/\/ceraflame.com.br\/projetos-especiais\/wp-json\/wp\/v2\/users\/2"}],"replies":[{"embeddable":true,"href":"https:\/\/ceraflame.com.br\/projetos-especiais\/wp-json\/wp\/v2\/comments?post=2849"}],"version-history":[{"count":19,"href":"https:\/\/ceraflame.com.br\/projetos-especiais\/wp-json\/wp\/v2\/pages\/2849\/revisions"}],"predecessor-version":[{"id":2872,"href":"https:\/\/ceraflame.com.br\/projetos-especiais\/wp-json\/wp\/v2\/pages\/2849\/revisions\/2872"}],"wp:attachment":[{"href":"https:\/\/ceraflame.com.br\/projetos-especiais\/wp-json\/wp\/v2\/media?parent=2849"}],"curies":[{"name":"wp","href":"https:\/\/api.w.org\/{rel}","templated":true}]}}